-4*t + 14 = d. Let s(h) = -h**2 + 8*h + 1. Calculate s(t).
17
Suppose -3*k = -0*k - 9. Let f = -6 + 11. Let r(i) = f*i - 2*i**2 - 4*i + 4*i - k. Calculate r(3).
-6
Let w = 4 + 3. Let y(f) be the second derivative of f**4/12 - 7*f**3/6 - f**2/2 + 55*f - 1. Give y(w).
-1
Let j(r) = 2 + 7*r + 10 + 349*r**2 - 348*r**2 + 8*r. Give j(-13).
-14
Let y(v) = -v**3 - 2*v**2 + 1. Let b be y(-1). Suppose -4*k + 4 = -3*w + k, 4*w + 5*k = 18. Let i(r) = b - w*r - 1 + 8*r**3 - 3*r**2 - 7*r**3. Calculate i(2).
-9
Let h(n) be the first derivative of -n**4/12 + n**3 + 7*n**2/2 - 7*n - 9. Let f(j) be the first derivative of h(j). Calculate f(5).
12
Let i(y) = -y**2 + y - 1. Let z(w) = -4*w**3 - 2*w**2 + 3*w - 2. Let d(g) = 2*i(g) - z(g). Let q = -109 - -110. What is d(q)?
3
Let h(f) = f**2 - 16*f - 86. Let x be h(-4). Let m(z) = -3*z - 8. What is m(x)?
10
Let n(q) = 11*q - 54. Let l(w) = 4*w - 18. Let h(a) = -8*l(a) + 3*n(a). Let p be h(9). Let d = p - -6. Let v(m) = -m**2 - m + 1. Determine v(d).
-5
Let k(d) = d**2 + 1. Let w(n) = -6*n**2 + n + 22. Let p(a) = 5*k(a) + w(a). What is p(-4)?
7
Let q(w) = -w**2 - 4*w + 3. Let o(d) = -d**3 + 4*d**2 + 4*d - 10. Let t be o(4). Let k = 10 - t. Let n be (-44)/10 + k/10. Give q(n).
3
Let l(x) = 4*x - 14. Suppose 0 = -5*k + 20, 0 = 6*z - z + 5*k - 55. Give l(z).
14
Let h(z) = -2*z**2 + 2*z**2 + 26*z**3 - 59*z**3 + 2 - z + 32*z**3 + 2*z**2. Let y(d) = -d**3 + 8*d**2 - 6*d - 4. Let n be y(7). Calculate h(n).
-10
Let z(c) be the second derivative of 7*c**4/24 + c**3/3 - 11*c**2 + 6*c. Let k(w) be the first derivative of z(w). Calculate k(3).
23
Let x(n) = -568 + 3*n + 6*n**2 - 2*n - n**3 - n - 4*n + 564. Let s = 43 - 21. Suppose -5*r + s + 3 = 0. What is x(r)?
1
Let z(c) = -29 + 38 - c**3 - c - 6*c**2 - 5. Let x(j) = j + 2. Let v be x(-8). Calculate z(v).
10
Let h(s) = s**2 + s - 7. Suppose -q - 2 = -2*q, -5*q = 3*l - 19. Suppose 0 = -3*i + o + 4, -3*i + 2*o + 5 + l = 0. Calculate h(i).
-7
Let c(h) = h - 10. Let k be (14/4)/((-3)/18). Let f = k - -21. Suppose f = 2*p + z - 9, -5*p - z + 4 + 23 = 0. Determine c(p).
-4
Suppose -10*k - 28 = -18. Let i(d) = 38*d**3 - 2*d**2 + 1. Determine i(k).
-39
Let u be 10/(-120) - (-23)/(-12). Let c(s) = -s. What is c(u)?
2
Let s(d) = d**3 + 3*d**2 - 5*d + 7. Let w(a) = 6*a - 9. Let x be w(2). Suppose -x*g - p + 5 = -6*p, 3*p + 7 = g. What is s(g)?
-18
Let y(o) = -o - 2. Let d be ((-8)/6 + (-5)/(-15))*3. Give y(d).
1
Let g(y) be the second derivative of y**5/20 + y**4/6 - y**3/6 - y**2 + 5*y - 19. What is g(-3)?
-8
Suppose -3*s = -2*m + 65, -3*m + 39 + 47 = -4*s. Suppose 3*l - 45 = 12. Let i = l + s. Let t(y) = -2*y + 1. Determine t(i).
9
Let u = -98 - -95. Let i(y) = -2*y**3 - 6*y**2 - 3. What is i(u)?
-3
Let h(r) = r - 2. Suppose -2*m + 2 = -8. Let t be (-12)/m*(-100)/30. Calculate h(t).
6
Let a(u) = 4*u - 7*u - 122 + 126 - 4*u. Determine a(-5).
39
Let t(r) = 2*r - 2. Let z(c) be the third derivative of -c**4/24 + 7*c**3/2 - 10*c**2. Let v be z(17). Determine t(v).
6
Let o be 4/3*((-18)/(-4))/3. Let k(w) = 15*w - 2. What is k(o)?
28
Let f(t) be the first derivative of -t**4/4 - 5*t**3/3 + 3*t**2 + 5*t - 12. Suppose -3*h - n + 8 - 27 = 0, 3*n = -h - 9. Calculate f(h).
5
Let i(x) = x - 9. Let u(d) = -d + 10. Let a(r) = 6*i(r) + 5*u(r). Let k = 3 + 4. Suppose -12 = k*f - 3*f. What is a(f)?
-7
Let x(d) = 3*d. Let q(a) = 3*a**2 - 28*a + 2 - 3*a**2 + 4*a**2 - 6*a**2. Let o be q(-14). What is x(o)?
6
Let t(l) = 1 + 4*l + 5*l**2 + 10*l**2 - 16*l**2 - 3*l - l**3. Let o be (-5)/5 + -2 + 3. Give t(o).
1
Suppose -6 = -2*k + 2. Suppose -2*z + k*j + 10 = 0, 38 = 4*z - 0*j - 2*j. Let s(g) = -g - 11 + z. Calculate s(2).
-2
Let u be (-12)/18*(-9)/2. Let z(t) be the first derivative of -t**4/2 + 2*t**3/3 + 5*t**2/2 - 4*t - 36. What is z(u)?
-25
Let p(t) = 140*t + 2524. Let c be p(-18). Let o(f) = -15*f - 7. Let s(j) = 7*j + 3. Let i(m) = 6*o(m) + 13*s(m). Determine i(c).
1
Suppose 0 = 6*r - 5*r + 3. Let g be (-3)/(4/(-4) + 2). Let k(c) = 2*c**2 - 5*c - 1. Let o(v) = -5*v**2 + 11*v + 1. Let n(m) = g*o(m) - 7*k(m). Give n(r).
7
Let k(t) be the first derivative of t**3/3 + t**2/2 - 15*t + 169. Suppose 3*w - 2*w = 0. Give k(w).
-15
Let w(u) = -u - 4. Let r be w(-3). Let o = r + 6. Let k(z) be the third derivative of z**6/120 - z**5/15 - z**4/6 + z**3 - 5*z**2. Determine k(o).
11
Suppose 0 = 55*j - 4*j + 408. Let v(f) = -f**3 - 8*f**2 - 1. Determine v(j).
-1
Let t(u) = -3*u**2 - 4*u - 3. Let a be t(-2). Let j = a - -9. Suppose -j*o + 6*o + 4 = 0. Let d(n) = 4*n**3 + n**2 - n - 1. Determine d(o).
-3
Let c(u) = 51*u**2 - 19*u + 14. Let x(v) = -28*v**2 + 11*v - 8. Let i(g) = -4*c(g) - 7*x(g). Let z be (-4)/6*3/(-2). Give i(z).
-9
Let f(h) be the second derivative of -h**4/12 - 5*h**3/6 + 4*h**2 + 73*h. Determine f(-5).
8
Let h(j) = -j**3 - 9*j**2 + 10*j - 7. Let m be 98/(-10) + (-9)/45. Calculate h(m).
-7
Suppose s - 18 = -0. Suppose 6 = 4*w - s. Let a(h) = -2*h + w*h - 2*h - h. Give a(4).
4
Let q(f) be the second derivative of -f**6/360 + f**5/40 - 5*f**4/24 - 5*f**3/3 - f. Let d(r) be the second derivative of q(r). Calculate d(4).
-9
Let j = -701 - -706. Let r(g) = -2*g**2 + 12*g - 2. What is r(j)?
8
Let h(x) = 8202 + 5*x - 8209 - 2*x + 5*x**2. Let l(c) = 2*c**2 + 2*c - 4. Let o(f) = -3*h(f) + 5*l(f). Give o(-1).
-5
Let u(h) = 16*h**3 - 12*h**2 + 17*h + 17. Let y(n) = -9*n**3 + 6*n**2 - 9*n - 9. Let l(d) = 4*u(d) + 7*y(d). Give l(4).
-7
Let q = 177 - 121. Let k(t) = t**2 - 9 + 27*t + 28*t - q*t. Give k(0).
-9
Let x(l) = 4*l**3 - 10*l**2 + 3. Let s(d) = 19*d**3 - 48*d**2 + d + 15. Let g(v) = 3*s(v) - 14*x(v). Let q(y) = -y**2 - 7*y - 6. Let o be q(-5). Give g(o).
15
Let c(n) = 7*n + 7. Let o(i) = 25*i + 22. Let f(m) = 7*c(m) - 2*o(m). What is f(10)?
-5
Let o(u) be the third derivative of u**8/20160 - u**7/720 + u**6/720 - 13*u**5/60 + 14*u**2. Let j(l) be the third derivative of o(l). What is j(5)?
-9
Let y be (-1*12/30)/(1/(-20)). Let v(t) = y*t - 325*t**3 + 3*t**2 + 4 + 326*t**3 + 4*t**2. Determine v(-6).
-8
Suppose -s = -5*s + 3*p - 10, 5*s = -p - 3. Let k(t) = 4*t - 6. Let z(a) be the first derivative of -a - 5. Let f(g) = -k(g) + 5*z(g). Give f(s).
5
Let g(o) = -o**2 - 6*o + 10. Suppose -24 = 2*d - 4*z + 6, 5*z - 20 = 0. What is g(d)?
3
Suppose -3*l - 6 = 0, 3*l - 3 - 1 = 5*m. Let i(g) be the second derivative of g**3/6 + 134*g. Give i(m).
-2
Suppose 2*m + 2*m - 12 = 0, 3*m = t + 4. Suppose -6 - 3 = -2*i - s, t*s - 15 = 0. Let p = i + -1. Let y(h) = -3*h + 1. Determine y(p).
-5
Let d(a) = -1535*a - 2 - 1 + 1540*a. Calculate d(-7).
-38
Let k(i) = 4*i. Suppose 5*g + 3*t = 392, -4*g - 2*t + 67 = -245. Let c = -78 + g. What is k(c)?
-8
Let i(v) = -29*v - 1 + v + 19*v. Calculate i(3).
-28
Let q(y) = -13*y - 1. Suppose 2*c - 2*d = 16, 4 = c + 3*d + 12. Suppose -c*g + 11 + 3 = k, -11 = 2*k - 5*g. Give q(k).
-27
Let x(q) = -q**2 + 9*q + 13. Let r be x(10). Let u be (-4)/((r + -2)*-1). Suppose u*s = 7*s. Let v(a) = -a**3 - a**2 - 6. What is v(s)?
-6
Let g(s) = 4*s - s + 2*s + 38*s**2 + 26*s**2 + s**3 - 56*s**2 - 5. Determine g(-7).
9
Let g be (-2 - -1)*(1 - 2). Let r(w) be the third derivative of 5*w**4/24 - w**3/6 + 1647*w**2. Determine r(g).
4
Let z(f) = -18*f**2 - 5*f - 5. Let g(k) = 10*k**2 - 19*k**2 - 2*k + 3*k**2 - 2. Let m(l) = 8*g(l) - 3*z(l). Determine m(-1).
6
Let a(o) = 31*o**3 + 1. Suppose -2*r = 5*f - 11, -9*f + 7*f + 8 = 2*r. Calculate a(f).
32
Let g(z) = z. Suppose -7 = 4*f - 15. Suppose -3*v - 2*j - 8 = 0, -f*v + 4*j = 3*v - 16. Give g(v).
0
Let s(g) be the second derivative of 1/2*g**3 + 0 + 6*g + 3*g**2. Determine s(-5).
-9
Let x(y) = -y + 5. Let m(s) = s + 14. Let q(v) = 13. Let o(p) = -3*m(p) + 4*q(p). Let d(b) = -6*o(b) + 13*x(b). Determine d(-4).
-15
Let l(t) = -t**3 + t**2 - t + 1. Let h(y) = -3*y**3 + 4*y**2 - 4*y + 4. Let w(q) = h(q) - 5*l(q). Suppose -j = 22*j - 23. Calculate w(j).
1
Let s(b) be the first derivative of -b**3/3 + 9*b**2/2 + 6*b - 162. Determine s(7).
20
Let j(l) = -l**3 - 7*l**2 - 7*l - 5. Let p be (26/234)/((-2)/6)*15. Calculate j(p).
-20
Let k(p) = p**3 - p**2 + 2*p - 1. Let f(z) = -z**2 - 7*z - 9. Let u be f(-3). Suppose u*t - 27 = -24. Determine k(t).
1
Let t be (-49)/7*12/14. Let y(q) = -q + 5. Let v(k) = k - 1. Let s(h) = 6*v(h) + 3*y(h). Give s(t).
-9
Let l be -2 -